NOAA Reports/Αναφορές NOAA

Select a Year or Month report

Report for 2017 11
                   MONTHLY CLIMATOLOGICAL SUMMARY for NOV. 2017

NAME: malia   CITY: Malia   STATE: Greece 
ELEV:    25 m  LAT:  35 12' 00" N  LONG:  25 18' 00" E

                   TEMPERATURE (C), RAIN  (mm), WIND SPEED (km/hr)

                                      HEAT  COOL        AVG
    MEAN                              DEG   DEG         WIND                 DOM
DAY TEMP  HIGH   TIME   LOW    TIME   DAYS  DAYS  RAIN  SPEED HIGH   TIME    DIR
------------------------------------------------------------------------------------
 1  16.7  18.5   13:00  14.9   19:50   1.6   0.0   0.0   3.5  16.1    3:20   NNE
 2  15.7  17.1   13:10  13.8   22:40   2.6   0.0   0.0   3.2  17.7    1:10   WNW
 3  16.8  20.2   13:50  13.4    3:30   1.9   0.3   0.0   2.7  14.5   00:00   SSW
 4  18.2  21.1   11:40  15.9   22:20   0.6   0.5   5.0   4.7  32.2   16:40   SSW
 5  16.9  18.3   12:50  14.4   00:00   1.3   0.0   0.0   5.1  25.7   10:00   WNW
 6  15.9  19.4   14:20  13.6    4:00   2.6   0.2   0.0   2.9  12.9   12:10   SSW
 7  16.3  20.2    9:40  12.7    6:20   2.4   0.4   0.0   3.1  19.3   13:00   SSE
 8  18.2  23.9   15:20  14.1    5:50   1.4   1.3   0.0   1.9  16.1   13:50   SSE
 9  18.9  21.7   12:40  16.0    2:50   0.5   1.0   0.0   1.8  12.9   11:30   WNW
10  17.7  20.4    8:50  15.0   22:00   1.1   0.5   0.0   2.1  14.5    4:10   WNW
11  17.4  22.3   15:50  13.7    7:00   1.7   0.9   0.0   2.7  19.3   12:20   SSE
12  18.3  22.4   11:10  15.2    6:10   1.0   1.0   0.0   1.3   9.7   13:20   SSE
13  18.5  22.5   10:40  15.9    2:30   0.7   0.9   1.8   5.8  40.2   19:50    SW
14  18.7  22.1   13:40  15.3    7:10   0.8   1.2   0.0   3.2  29.0    5:00   SSE
15  20.0  24.5   13:20  16.6    3:10   0.3   2.0   0.0   1.3  12.9    3:40   SSE
16  19.4  24.3   15:50  15.6    7:00   0.5   1.7   0.0   1.3  11.3   13:20   SSE
17  18.8  23.2   12:40  15.8    4:30   0.9   1.4   0.0   1.8  16.1   17:10   SSE
18  18.0  22.8   12:20  15.1    6:50   0.7   0.6   0.0   4.2  37.0   12:40   SSE
19
20
21
22
23
24
25
26
27
28
29
30
-------------------------------------------------------------------------------------
    17.8  24.5    15    12.7     7    22.7  13.9   6.8   2.9  40.2    13     SSE

Max >=  32.0:  0
Max <=   0.0:  0
Min <=   0.0:  0
Min <= -18.0:  0
Max Rain: 5.00 ON 04/11/17
Days of Rain: 2 (> .2 mm) 1 (> 2 mm) 0 (> 20 mm)
Heat Base:  18.3  Cool Base:  18.3  Method: Integration