NOAA Reports/Αναφορές NOAA

Select a Year or Month report
2018 > Jan Feb Mar Apr May Jun Jul Aug Sep Oct Nov Dec
2017 > Jan Feb Mar Apr May Jun Jul Aug Sep Oct Nov Dec
2016 > Jan Feb Mar Apr May Jun Jul Aug Sep Oct Nov Dec

Report for 2018 01
                   MONTHLY CLIMATOLOGICAL SUMMARY for JAN. 2018

NAME: malia   CITY: Malia   STATE: Greece 
ELEV:    25 m  LAT:  35 12' 00" N  LONG:  25 18' 00" E

                   TEMPERATURE (C), RAIN  (mm), WIND SPEED (km/hr)

                                      HEAT  COOL        AVG
    MEAN                              DEG   DEG         WIND                 DOM
DAY TEMP  HIGH   TIME   LOW    TIME   DAYS  DAYS  RAIN  SPEED HIGH   TIME    DIR
------------------------------------------------------------------------------------
 1  13.3  17.3   16:10  10.9    7:00   5.0   0.0   0.0   3.1  17.7    0:20   WNW
 2  15.9  19.8   12:40  11.2    3:40   2.5   0.1   0.0   9.5  43.5   17:50    SW
 3  14.2  16.7   12:10  12.6   00:00   4.1   0.0   0.2  10.6  53.1    1:20   SSW
 4  13.6  17.4   15:10  11.6    2:20   4.7   0.0   5.4  12.1  51.5   10:50   SSW
 5  13.3  15.3   13:10  11.0   23:50   5.0   0.0   0.4   7.2  35.4    0:50   WNW
 6  12.9  17.4   10:40  10.1    6:40   5.4   0.0   0.0   2.3  11.3   12:20   SSE
 7  14.5  18.5   14:20  11.0    2:20   3.8   0.0   0.0   1.1  11.3   13:50   SSE
 8  14.3  17.9   13:20  11.7    7:20   4.0   0.0   0.0   1.6   9.7   12:20   SSE
 9  13.4  17.5   10:30  11.1    7:00   4.8   0.0   0.0   1.6  11.3   11:30   SSE
10  14.1  17.3   11:40  12.1    6:50   4.2   0.0   0.0   2.1  19.3   23:30   SSE
11  16.8  20.1   14:00  13.7    1:40   1.7   0.2   0.0   7.2  37.0   13:50   SSW
12  15.7  19.7   13:40  13.3   20:20   2.7   0.1   0.0   4.5  25.7    2:00   SSW
13  14.7  17.2    6:50  11.3    7:30   3.6   0.0   3.0   6.0  48.3    7:00   SSW
14  12.2  13.7   12:10  10.2    6:40   6.1   0.0  19.6   5.5  25.7   11:30   WNW
15  11.9  14.2   15:00   9.2   22:40   6.4   0.0   0.0   2.3  16.1    0:30   WNW
16  14.7  18.7   13:40   9.2    0:40   3.7   0.0   0.0   6.1  33.8    4:20   SSW
17  16.1  19.1   12:40  13.9    2:40   2.3   0.0   0.0  12.7  69.2   22:00    SW
18  13.7  16.7    0:20  10.2   14:10   4.6   0.0   2.4  15.8  61.2    0:20   WNW
19  12.8  15.6   15:10  10.2    6:10   5.5   0.0   0.0   4.3  30.6    0:40   WNW
20  14.1  17.5   11:20  10.6    1:20   4.3   0.0   0.0   4.0  27.4    7:20   SSE
21  11.6  12.1    0:10  11.2    3:10   1.9   0.0   0.0   1.9   8.0    0:10   SSE
22
23
24
25
26
27
28
29
30
31
-------------------------------------------------------------------------------------
    14.0  20.1    11     9.2    16    86.2   0.4  31.0   5.8  69.2    17     SSW

Max >=  32.0:  0
Max <=   0.0:  0
Min <=   0.0:  0
Min <= -18.0:  0
Max Rain: 19.61 ON 14/01/18
Days of Rain: 6 (> .2 mm) 4 (> 2 mm) 0 (> 20 mm)
Heat Base:  18.3  Cool Base:  18.3  Method: Integration