NOAA Reports/Αναφορές NOAA

Select a Year or Month report
2017 > Jan Feb Mar Apr May Jun Jul Aug Sep Oct Nov Dec
2016 > Jan Feb Mar Apr May Jun Jul Aug Sep Oct Nov Dec

Report for 2017 09
                   MONTHLY CLIMATOLOGICAL SUMMARY for SEP. 2017

NAME: malia   CITY: Malia   STATE: Greece 
ELEV:    25 m  LAT:  35 12' 00" N  LONG:  25 18' 00" E

                   TEMPERATURE (C), RAIN  (mm), WIND SPEED (km/hr)

                                      HEAT  COOL        AVG
    MEAN                              DEG   DEG         WIND                 DOM
DAY TEMP  HIGH   TIME   LOW    TIME   DAYS  DAYS  RAIN  SPEED HIGH   TIME    DIR
------------------------------------------------------------------------------------
 1  24.4  27.2   14:30  21.7    6:50   0.0   6.1   0.0   4.7  19.3   12:10   WNW
 2  25.6  29.3    8:50  21.5    4:30   0.0   7.3   0.0   1.9  14.5   15:20   WNW
 3  28.7  34.0   14:50  22.6    3:10   0.0  10.4   0.0   1.4  12.9   13:40   WNW
 4  27.3  29.9   13:30  23.6   23:30   0.0   9.0   0.0   2.9  17.7   11:10   WNW
 5  25.1  27.9   12:00  21.4    7:10   0.0   6.7   0.0   2.7  16.1   11:40   WNW
 6  24.6  26.4   15:20  22.2   22:20   0.0   6.2   0.0   4.0  19.3   13:10   WNW
 7  23.8  26.8   14:10  21.1   00:00   0.0   5.5   0.0   3.2  14.5   11:30   SSW
 8  24.4  28.9   15:10  19.8    7:00   0.0   6.1   0.0   2.4  12.9   13:00   SSE
 9  25.2  29.2   17:20  21.2    6:50   0.0   6.9   0.0   2.1  12.9   12:00   NNE
10  26.7  30.4   10:20  23.3    1:20   0.0   8.3   0.0   1.6  14.5   14:50   NNE
11  27.6  35.6   18:50  22.2    7:00   0.0   9.3   0.0   3.5  29.0   18:30   SSE
12  27.2  33.6    2:20  23.7   00:00   0.0   8.9   0.0   4.5  25.7    3:50   WNW
13  25.8  28.4   14:20  22.3    6:50   0.0   7.5   0.0   3.7  25.7   12:30   WNW
14  26.2  29.2    8:40  23.3    7:10   0.0   7.9   0.0   2.7  17.7   10:40   WNW
15  25.5  29.1   13:00  21.4    6:50   0.0   7.2   0.0   3.2  20.9   18:30   WNW
16  25.6  30.6    9:20  21.1    6:30   0.0   7.3   0.0   2.1  12.9   13:30   SSE
17  25.9  30.1   16:40  21.8    6:20   0.0   7.7   0.0   2.1  14.5   11:00   WNW
18  28.0  33.1   18:00  23.0    3:20   0.0   9.7   0.0   1.8  12.9   23:50   SSE
19  29.9  35.1   10:10  25.7   00:00   0.0  11.6   0.0   1.8  12.9   13:50   SSE
20  26.6  30.8   11:00  23.2    7:10   0.0   8.0   0.0   1.6  16.1   15:20   WNW
21
22
23
24
25
26
27
28
29
30
-------------------------------------------------------------------------------------
    26.2  35.6    11    19.8     8     0.0 157.6   0.0   2.7  29.0    11     WNW

Max >=  32.0:  5
Max <=   0.0:  0
Min <=   0.0:  0
Min <= -18.0:  0
Max Rain: 0.00 ON 01/09/17
Days of Rain: 0 (> .2 mm) 0 (> 2 mm) 0 (> 20 mm)
Heat Base:  18.3  Cool Base:  18.3  Method: Integration